706 + 225?
1133
In base 16, what is -1b + -5e2?
-5fd
In base 15, what is -70c26 - -5?
-70c21
In base 15, what is 6 - 1a5d?
-1a57
In base 8, what is 1546 - -136?
1704
In base 9, what is 12 + -107?
-85
In base 9, what is 5 - 7242?
-7236
In base 8, what is 112 + 136?
250
In base 11, what is 93a69 - 4?
93a65
In base 2, what is 110011010000 - 10100?
110010111100
In base 11, what is -724 + -35a?
-a83
In base 15, what is c2e8 - 9?
c2de
In base 5, what is 4 + 42430340?
42430344
In base 10, what is -2 + 535878?
535876
In base 15, what is -1954d - -7?
-19546
In base 8, what is 34 - 1721?
-1665
In base 10, what is -6995 + 3?
-6992
In base 14, what is -9dba + 8?
-9db2
In base 2, what is 11110111100011100110 - 0?
11110111100011100110
In base 14, what is -98 - 6d72?
-702a
In base 11, what is 1 + 14793?
14794
In base 9, what is 617 + 1223?
1841
In base 8, what is 36 + -16662?
-16624
In base 7, what is 11423 + 331?
12054
In base 6, what is -142512 + 0?
-142512
In base 10, what is 55107 + 5?
55112
In base 4, what is -3 + -122030003?
-122030012
In base 13, what is -13 + 39a71?
39a5b
In base 14, what is 354 - 913?
-59d
In base 12, what is a2 + 21?
103
In base 16, what is 2 + -4848?
-4846
In base 15, what is -317d95 - 2?
-317d97
In base 14, what is 0 - ac81b?
-ac81b
In base 7, what is -3 + 1534344?
1534341
In base 12, what is 7417 - -38?
7453
In base 12, what is 37867 + -1?
37866
In base 4, what is -10011311010 + -11?
-10011311021
In base 9, what is 581 - 27?
553
In base 12, what is 52 - 810?
-77a
In base 13, what is -17 - -37a75?
37a5b
In base 9, what is -51133 + -3?
-51136
In base 6, what is 4510322 - 33?
4510245
In base 15, what is 5 - 7da2?
-7d9c
In base 8, what is 3250221 + -1?
3250220
In base 11, what is -593 - -381?
-212
In base 10, what is 10 + 5943?
5953
In base 8, what is -2174 - 10?
-2204
In base 16, what is -6a9 + -9e?
-747
In base 9, what is 1 - -71323?
71324
In base 6, what is -2 + 554255?
554253
In base 4, what is -132 - 203222222?
-203223020
In base 16, what is -24 + b61?
b3d
In base 2, what is 1 - 1010110000110011010?
-1010110000110011001
In base 3, what is 11210112 - 12120?
11120222
In base 2, what is 10001111100011 + 101?
10001111101000
In base 5, what is -103 + -230322?
-230430
In base 2, what is 10011000111101 - 10?
10011000111011
In base 12, what is -9 - -31113?
31106
In base 4, what is 221102 - -10130?
231232
In base 10, what is -9951 + 9?
-9942
In base 3, what is 10002 - -21211222?
21222001
In base 9, what is 1074728 + 5?
1074734
In base 12, what is 7a - 434?
-376
In base 2, what is -1010010 + 100001111011101?
100001110001011
In base 4, what is 2 + 2010000?
2010002
In base 12, what is a5 + -107b?
-b96
In base 15, what is -13 + 1d4e2?
1d4ce
In base 4, what is 113 - -1033231?
1100010
In base 14, what is -6d768 - 6?
-6d770
In base 13, what is 116b1 - 15?
11699
In base 11, what is -1791 - 8?
-1799
In base 14, what is 0 + 32d77?
32d77
In base 2, what is 1000111001 + -1110100011001?
-1101011100000
In base 8, what is -1540 - -47?
-1471
In base 9, what is -156073 - 20?
-156103
In base 2, what is -111000111010100100 + 10010?
-111000111010010010
In base 3, what is 1002222 + -10?
1002212
In base 2, what is 100 - -111010010100100?
111010010101000
In base 3, what is -10220101002 - -100?
-10220100202
In base 7, what is -1 - -2232?
2231
In base 7, what is -1035 - -100?
-635
In base 9, what is -1846 + -5161?
-7117
In base 12, what is -230 - 14b?
-37b
In base 3, what is 21020002 - 10?
21012222
In base 15, what is 83285 + -5?
83280
In base 12, what is 464 - 151?
313
In base 15, what is -17be - -186?
-1638
In base 3, what is -1211 - 200012?
-202000
In base 14, what is 29 + 1037?
1062
In base 6, what is 11 + 1202?
1213
In base 3, what is 1010 - -10220200?
10221210
In base 10, what is 285204 + -5?
285199
In base 9, what is 278 - -4670?
5058
In base 13, what is 3a2 - 76?
329
In base 10, what is 86 + -11209?
-11123
In base 2, what is -1111001110100 + -11010101?
-1111101001001
In base 2, what is 10 + -10111101110111?
-10111101110101
In base 14, what is 6 - 1839?
-1833
In base 11, what is 10 - -8a5?
905
In base 2, what is 0 + 100000110001001111?
100000110001001111
In base 10, what is -1 - 16760?
-16761
In base 3, what is 2112 + 20121112?
20201001
In base 4, what is -330020 - 112?
-330132
In base 6, what is 30243 - -300?
30543
In base 15, what is -16a11 - -2?
-16a0e
In base 7, what is -2 + 256350?
256345
In base 6, what is 245 + -321?
-32
In base 12, what is -1 - -30a?
309
In base 14, what is 13ad8 + -c?
13aca
In base 6, what is 4 - -24234?
24242
In base 11, what is -220 - -137?
-94
In base 15, what is -65 - -2b1a?
2aa5
In base 15, what is -2c7a - 2?
-2c7c
In base 11, what is 2110 + a57?
3067
In base 8, what is -7364 + 40?
-7324
In base 2, what is 10010110100101111 + -100?
10010110100101011
In base 4, what is 2122 + 2203303?
2212031
In base 7, what is 5 + -261246?
-261241
In base 10, what is -932 - 13?
-945
In base 10, what is 4684 - 0?
4684
In base 11, what is -1a148 + -5?
-1a152
In base 10, what is 5 + 8235?
8240
In base 5, what is -223332420 - 10?
-223332430
In base 13, what is -106c7 + -2?
-106c9
In base 9, what is -233 - 32778?
-33122
In base 11, what is -34794 - -5?
-3478a
In base 5, what is -131 + 3010034?
3004403
In base 16, what is 1 - 83d?
-83c
In base 6, what is -5 - -115130?
115121
In base 4, what is 20010 - 2110?
11300
In base 14, what is 6b - -319b?
3228
In base 6, what is -341410 + 0?
-341410
In base 10, what is 909 + -3?
906
In base 12, what is 666a - 1?
6669
In base 6, what is -1 + -5331122?
-5331123
In base 11, what is 3 + -1966?
-1963
In base 14, what is 1 + 113b08?
113b09
In base 7, what is -11600010 - -1?
-11600006
In base 6, what is 10 - 1020542?
-1020532
In base 13, what is 8c485 + 2?
8c487
In base 5, what is 111024312 + -10?
111024302
In base 14, what is 14 - 126?
-112
In base 8, what is 202154 - 2?
202152
In base 13, what is 28b + -64?
227
In base 7, what is 1651 + 1301?
3252
In base 5, what is 210140 + 2?
210142
In base 9, what is 24085 + -41?
24044
In base 4, what is 1 - 3212303012?
-3212303011
In base 8, what is 30 - -13143?
13173
In base 3, what is -220122000110 + 2?
-220122000101
In base 9, what is -4 + -85477?
-85482
In base 10, what is -3 - 17552?
-17555
In base 14, what is 194 + -c?
186
In base 3, what is 201002 + 102?
201111
In base 3, what is 0 + -1211021122?
-1211021122
In base 14, what is -448c07 + -4?
-448c0b
In base 14, what is -19 + 2a152?
2a137
In base 3, what is -1010202001 + -10?
-1010202011
In base 7, what is 3010000 + -3?
3006664
In base 4, what is 232 + 320320?
321212
In base 14, what is -c54c5 + -b?
-c54d2
In base 12, what is -9a80 - 10?
-9a90
In base 14, what is -10d - -6a8?
599
In base 9, what is 2 - -107510?
107512
In base 12, what is 9 + 5135b?
51368
In base 13, what is -8a - -4c75?
4bb8
In base 8, what is -1273 - 3?
-1276
In base 13, what is 180 + -53?
12a
In base 13, what is 568 + 44?
5ac
In base 9, what is 6 - 81316?
-81310
In base 5, what is -2130 + 1103124?
1100444
In base 15, what is 67 + 77?
de
In base 5, what is -14 - 10040212?
-10040231
In base 6, what is 132315 + -5?
132310
In base 7, what is 16242 + 20?
16262
In base 2, what is 110000000010010 - 1?
110000000010001
In base 11, what is 1 + -a96?
-a95
In base 9, what is 2775 - -182?
3067
In base 16, what is e - 66?
-58
In base 2, what is 11010000010011 - -1?
11010000010100
In base 2, what is -10110000001100 + -100001000?
-10110100010100
In base 5, what is 34 + 32231?
32320
In base 10, what is 18 + 44946?
44964
In base 7, what is -3542 - -146?
-3363
In base 15, what is 35e1 - -64?
3655
In base 13, what is -140 - -21?
-11c
In base 12, what is -1678 - -1?
-1677
In base 4, what is -10 + 1013111?
1013101
In base 6, what is -2 + 41501?
41455
In base 14, what is 4 - 3b63?
-3b5d
In base 7, what is 235024 - 2?
235022
In base 11, what is -2274a + 0?
-2274a
In base 12, what is 4351 + -14?
4339
In base 11, what is -191395 + 1?
-191394
In base 8, what is 2767 - 24?
2743
In base 6, what is 140254 - 445?
135405
In base 10, what is 0 - -160039?
160039
In base 10, what is -10595 - -332?
-10263
In base 9, what is 1343 - -3?
1346
In base 4, what is -133 + -31202?
-32001
In base 8, what is 5366 - 141?
5225
In base 8, what is -4 - -26136?
26132
In base 10, what is 60 + 113